n divisor of 550 and 2255.
55
What is the greatest common divisor of 184 and 7314?
46
What is the highest common factor of 3 and 139?
1
What is the greatest common factor of 8085 and 11?
11
What is the highest common divisor of 517 and 94?
47
What is the highest common factor of 48 and 21?
3
Calculate the greatest common divisor of 70 and 14.
14
What is the greatest common divisor of 27 and 918?
27
Calculate the greatest common factor of 48 and 128.
16
What is the highest common factor of 19 and 171?
19
What is the highest common factor of 7 and 483?
7
Calculate the greatest common divisor of 4927 and 13.
13
Calculate the highest common divisor of 4 and 97.
1
Calculate the highest common factor of 14 and 406.
14
Calculate the highest common factor of 1410 and 78.
6
What is the highest common factor of 40 and 104?
8
What is the highest common divisor of 24 and 224?
8
Calculate the highest common factor of 188 and 470.
94
Calculate the highest common factor of 170 and 5015.
85
What is the greatest common divisor of 494 and 114?
38
What is the highest common factor of 69 and 4646?
23
What is the greatest common factor of 1224 and 36?
36
Calculate the highest common factor of 3127 and 53.
53
Calculate the highest common factor of 42 and 258.
6
What is the highest common divisor of 42 and 154?
14
Calculate the greatest common divisor of 175 and 125.
25
What is the highest common factor of 1008 and 117?
9
Calculate the greatest common divisor of 42 and 1407.
21
Calculate the greatest common divisor of 111 and 74.
37
What is the greatest common factor of 24 and 3?
3
Calculate the greatest common factor of 3 and 39.
3
Calculate the greatest common divisor of 32 and 208.
16
What is the highest common factor of 3 and 123?
3
What is the highest common divisor of 46 and 4922?
46
What is the greatest common divisor of 62 and 279?
31
What is the highest common factor of 578 and 34?
34
What is the greatest common divisor of 510 and 6222?
102
Calculate the greatest common factor of 294 and 1274.
98
What is the highest common divisor of 80925 and 39?
39
What is the greatest common factor of 408 and 24?
24
What is the highest common factor of 2596 and 66?
22
What is the greatest common divisor of 53 and 1?
1
Calculate the greatest common divisor of 191 and 1.
1
Calculate the highest common factor of 7 and 2191.
7
What is the highest common divisor of 266 and 406?
14
Calculate the highest common divisor of 53 and 530.
53
What is the highest common divisor of 120 and 885?
15
Calculate the greatest common factor of 444 and 36.
12
What is the greatest common factor of 13363 and 483?
161
Calculate the greatest common divisor of 2573 and 166.
83
Calculate the highest common factor of 621 and 23.
23
Calculate the greatest common divisor of 10 and 2930.
10
Calculate the greatest common divisor of 95 and 30.
5
What is the greatest common factor of 40 and 160?
40
Calculate the highest common divisor of 5840 and 30.
10
Calculate the greatest common factor of 15 and 645.
15
Calculate the highest common factor of 217 and 14.
7
Calculate the greatest common divisor of 2834 and 52.
26
What is the greatest common factor of 14 and 2758?
14
What is the highest common factor of 107 and 1819?
107
Calculate the greatest common divisor of 10178 and 14.
14
What is the greatest common factor of 75 and 10815?
15
Calculate the highest common divisor of 3488 and 160.
32
What is the greatest common factor of 84 and 63?
21
What is the highest common factor of 3 and 6?
3
Calculate the highest common factor of 296 and 16.
8
What is the greatest common factor of 34 and 5134?
34
What is the greatest common factor of 3 and 384?
3
Calculate the greatest common divisor of 4509 and 27.
27
Calculate the greatest common factor of 27 and 234.
9
What is the highest common divisor of 445 and 15?
5
What is the greatest common divisor of 50 and 1700?
50
Calculate the greatest common factor of 200 and 7575.
25
Calculate the highest common factor of 1120 and 144.
16
What is the highest common factor of 111 and 6253?
37
What is the greatest common divisor of 108 and 12?
12
Calculate the greatest common divisor of 10 and 128.
2
What is the highest common divisor of 348 and 66?
6
What is the greatest common factor of 5592 and 12?
12
Calculate the highest common divisor of 621 and 92.
23
Calculate the highest common divisor of 1312 and 256.
32
What is the highest common divisor of 7 and 511?
7
Calculate the greatest common factor of 24 and 1194.
6
Calculate the greatest common factor of 5 and 185.
5
What is the highest common factor of 621 and 184?
23
Calculate the greatest common divisor of 41 and 2911.
41
What is the highest common factor of 36 and 8163?
9
What is the highest common divisor of 207 and 23?
23
Calculate the highest common factor of 6760 and 40.
40
Calculate the highest common factor of 32 and 16.
16
Calculate the greatest common factor of 1209 and 156.
39
Calculate the highest common factor of 76 and 12.
4
What is the highest common factor of 43 and 1?
1
What is the greatest common divisor of 1274 and 11074?
98
What is the highest common factor of 4 and 5892?
4
What is the greatest common divisor of 889 and 2159?
127
What is the greatest common factor of 24 and 744?
24
Calculate the greatest common divisor of 4290 and 910.
130
What is the highest common factor of 141 and 1222?
47
Calculate the highest common factor of 160 and 500.
20
What is the greatest common divisor of 6463 and 46?
23
What is the greatest common divisor of 104 and 2756?
52
Calculate the highest common divisor of 258 and 486.
6
Calculate the highest common factor of 52 and 65.
13
What is the highest common divisor of 105 and 672?
21
What is the highest common factor of 2279 and 43?
43
What is the greatest common factor of 2185 and 5?
5
What is the greatest common factor of 2863 and 7?
7
Calculate the highest common divisor of 3510 and 52.
26
What is the highest common divisor of 595 and 68?
17
What is the greatest common divisor of 2058 and 126?
42
What is the greatest common divisor of 315 and 147?
21
Calculate the highest common factor of 190 and 20.
10
What is the greatest common divisor of 1220 and 61?
61
What is the greatest common divisor of 195 and 39?
39
Calculate the greatest common divisor of 1192 and 9238.
298
Calculate the highest common divisor of 80 and 115.
5
What is the greatest common factor of 24 and 368?
8
What is the highest common divisor of 101 and 1616?
101
Calculate the greatest common factor of 803 and 73.
73
What is the greatest common factor of 42 and 8?
2
Calculate the greatest common divisor of 66 and 1617.
33
Calculate the greatest common factor of 6 and 150.
6
Calculate the highest common factor of 198 and 12.
6
Calculate the highest common divisor of 130 and 2834.
26
Calculate the greatest common factor of 124 and 279.
31
Calculate the greatest common divisor of 30 and 15.
15
Calculate the highest common divisor of 35 and 4648.
7
What is the highest common factor of 156 and 416?
52
Calculate the greatest common factor of 13 and 7423.
13
Calculate the highest common divisor of 91 and 497.
7
What is the highest common factor of 270 and 45?
45
Calculate the highest common divisor of 6706 and 14.
14
Calculate the greatest common factor of 72 and 1332.
36
What is the greatest common divisor of 3 and 993?
3
What is the greatest common factor of 1784 and 8?
8
What is the greatest common factor of 6550 and 131?
131
Calculate the greatest common divisor of 301 and 43.
43
What is the greatest common divisor of 2346 and 276?
138
What is the highest common factor of 74 and 7955?
37
What is the greatest common factor of 1884 and 12?
12
Calculate the greatest common divisor of 138 and 78.
6
What is the highest common factor of 217 and 553?
7
What is the highest common divisor of 333 and 481?
37
Calculate the greatest common factor of 35312 and 16.
16
Calculate the highest common factor of 2825 and 25.
25
Calculate the greatest common factor of 3038 and 155.
31
What is the highest common divisor of 12 and 300?
12
Calculate the greatest common divisor of 5180 and 28.
28
Calculate the greatest common factor of 16 and 25408.
16
Calculate the highest common factor of 155 and 2201.
31
Calculate the highest c